13?
3
What is the tens digit of 15567?
6
What is the units digit of 10058?
8
What is the hundreds digit of 325?
3
What is the hundreds digit of 8897?
8
What is the hundreds digit of 370?
3
What is the tens digit of 671?
7
What is the units digit of 6117?
7
What is the hundreds digit of 1004?
0
What is the hundreds digit of 8189?
1
What is the thousands digit of 5129?
5
What is the units digit of 7534?
4
What is the tens digit of 9028?
2
What is the hundreds digit of 7162?
1
What is the units digit of 64?
4
What is the ten thousands digit of 11907?
1
What is the hundreds digit of 971?
9
What is the hundreds digit of 2997?
9
What is the tens digit of 21212?
1
What is the units digit of 1093?
3
What is the tens digit of 8056?
5
What is the thousands digit of 2500?
2
What is the tens digit of 61197?
9
What is the hundreds digit of 39119?
1
What is the thousands digit of 10989?
0
What is the hundreds digit of 69410?
4
What is the tens digit of 3627?
2
What is the tens digit of 1165?
6
What is the units digit of 69770?
0
What is the units digit of 5821?
1
What is the hundreds digit of 49696?
6
What is the tens digit of 20506?
0
What is the hundreds digit of 59081?
0
What is the tens digit of 25959?
5
What is the ten thousands digit of 26203?
2
What is the units digit of 73631?
1
What is the hundreds digit of 285?
2
What is the thousands digit of 2152?
2
What is the units digit of 658?
8
What is the hundreds digit of 1567?
5
What is the hundreds digit of 37835?
8
What is the hundreds digit of 7272?
2
What is the ten thousands digit of 94638?
9
What is the units digit of 481?
1
What is the thousands digit of 9739?
9
What is the units digit of 39165?
5
What is the tens digit of 9571?
7
What is the units digit of 1700?
0
What is the units digit of 124571?
1
What is the thousands digit of 46866?
6
What is the thousands digit of 18025?
8
What is the hundreds digit of 34920?
9
What is the thousands digit of 9647?
9
What is the units digit of 22142?
2
What is the hundreds digit of 4198?
1
What is the thousands digit of 50616?
0
What is the ten thousands digit of 89329?
8
What is the tens digit of 9639?
3
What is the units digit of 328?
8
What is the thousands digit of 66117?
6
What is the units digit of 1158?
8
What is the tens digit of 19742?
4
What is the tens digit of 20041?
4
What is the units digit of 695?
5
What is the thousands digit of 1388?
1
What is the thousands digit of 73077?
3
What is the ten thousands digit of 59562?
5
What is the units digit of 31764?
4
What is the hundreds digit of 1163?
1
What is the hundreds digit of 636?
6
What is the hundreds digit of 80448?
4
What is the ten thousands digit of 60037?
6
What is the tens digit of 11935?
3
What is the units digit of 911?
1
What is the units digit of 7344?
4
What is the tens digit of 24401?
0
What is the thousands digit of 8297?
8
What is the hundreds digit of 1157?
1
What is the hundreds digit of 7207?
2
What is the units digit of 153128?
8
What is the tens digit of 43661?
6
What is the tens digit of 98?
9
What is the tens digit of 45176?
7
What is the hundreds digit of 398?
3
What is the hundreds digit of 66551?
5
What is the units digit of 3201?
1
What is the thousands digit of 3259?
3
What is the tens digit of 53582?
8
What is the hundred thousands digit of 106003?
1
What is the ten thousands digit of 21089?
2
What is the units digit of 189?
9
What is the thousands digit of 23162?
3
What is the tens digit of 3319?
1
What is the thousands digit of 15795?
5
What is the tens digit of 3847?
4
What is the units digit of 762?
2
What is the thousands digit of 51581?
1
What is the units digit of 75486?
6
What is the thousands digit of 1660?
1
What is the ten thousands digit of 71060?
7
What is the hundreds digit of 4025?
0
What is the units digit of 80805?
5
What is the thousands digit of 6154?
6
What is the thousands digit of 6973?
6
What is the tens digit of 15?
1
What is the tens digit of 740?
4
What is the thousands digit of 4501?
4
What is the thousands digit of 16596?
6
What is the hundreds digit of 31282?
2
What is the units digit of 1538?
8
What is the units digit of 1148?
8
What is the hundreds digit of 18159?
1
What is the tens digit of 7892?
9
What is the hundreds digit of 1895?
8
What is the thousands digit of 1479?
1
What is the tens digit of 11693?
9
What is the thousands digit of 18878?
8
What is the hundreds digit of 596?
5
What is the ten thousands digit of 12137?
1
What is the hundreds digit of 498?
4
What is the ten thousands digit of 96096?
9
What is the units digit of 534?
4
What is the units digit of 371?
1
What is the units digit of 11536?
6
What is the ten thousands digit of 35081?
3
What is the tens digit of 9289?
8
What is the hundred thousands digit of 103261?
1
What is the tens digit of 18072?
7
What is the hundreds digit of 5381?
3
What is the thousands digit of 2148?
2
What is the hundreds digit of 152?
1
What is the tens digit of 8489?
8
What is the units digit of 2113?
3
What is the tens digit of 4096?
9
What is the units digit of 1772?
2
What is the thousands digit of 31088?
1
What is the ten thousands digit of 21438?
2
What is the thousands digit of 38876?
8
What is the units digit of 385?
5
What is the ten thousands digit of 14257?
1
What is the tens digit of 488?
8
What is the hundreds digit of 701?
7
What is the units digit of 16242?
2
What is the units digit of 6?
6
What is the tens digit of 1103?
0
What is the thousands digit of 1970?
1
What is the tens digit of 4653?
5
What is the units digit of 1386?
6
What is the tens digit of 4686?
8
What is the tens digit of 14928?
2
What is the hundreds digit of 112?
1
What is the units digit of 518?
8
What is the units digit of 52540?
0
What is the ten thousands digit of 16936?
1
What is the tens digit of 2165?
6
What is the hundreds digit of 9776?
7
What is the units digit of 2127?
7
What is the ten thousands digit of 146230?
4
What is the hundreds digit of 536?
5
What is the hundreds digit of 19661?
6
What is the thousands digit of 1089?
1
What is the hundreds digit of 11831?
8
What is the tens digit of 139466?
6
What is the hundreds digit of 606?
6
What is the hundreds digit of 120?
1
What is the tens digit of 8652?
5
What is the ten thousands digit of 129172?
2
What is the thousands digit of 4600?
4
What is the tens digit of 1872?
7
What is the hundreds digit of 254?
2
What is the units digit of 1367?
7
What is the tens digit of 5655?
5
What is the tens digit of 74357?
5
What is the hundreds digit of 1856?
8
What is the units digit of 42311?
1
What is the tens digit of 1034?
3
What is the thousands digit of 5712?
5
What is the units digit of 5139?
9
What is the units digit of 3234?
4
What is the tens digit of 1003?
0
What is the tens digit of 4294?
9
What is the tens digit of 63344?
4
What is the ten thousands digit of 17247?
1
What is the thousands digit of 7720?
7
What is the thousands digit of 1852?
1
What is the units digit of 5779?
9
What is the hundreds digit of 3129?
1
What is the tens digit of 83?
8
What is the units digit of 15231?
1
What is the tens digit of 1833?
3
What is the units digit of 774?
4
What is the thousands digit of 112456?
2
What is the units digit of 792?
2
What is the units digit of 55?
5
What is the ten thousands digit of 25762?
2
What is the hundreds digit of 9990?
9
What is the units digit of 1147?
7
What is the thousands digit of 60157?
0
What is the thousands digit of 4973?
4
What is the thousands digit of 5612?
5
What is the thousands digit of 100882?
0
What is the hundreds digit of 436?
4
What is the thousands digit of 2287?
2
What is the tens digit of 555?
5
What is the tens digit of 1256?
5
What is the ten thousands digit of 155494?
5
What is the units digit of 268?
8
What is the units digit of 761?
1
What is the ten thousands digit of 22706?
2
What is the thousands digit of 1524?
1
What is the hundreds digit of 721?
7
What is the thousands digit of 2299?
2
What is the units digit of 120?
0
What is the units digit of 18143?
3
What is the thousands digit of 21882?
1
What is the units digit of 303?
3
What is the units digit of 57582?
2
What is the units digit of 38140?
0
What is the ten thousands digit of 58587?
5
What is the tens digit of 4861?
6
What is the thousands dig